{"id":117,"date":"2018-01-18T16:02:00","date_gmt":"2018-01-18T16:02:00","guid":{"rendered":"http:\/\/www.praxis-canziani.ch\/?page_id=117"},"modified":"2020-10-20T15:12:04","modified_gmt":"2020-10-20T15:12:04","slug":"about","status":"publish","type":"page","link":"https:\/\/medmassage.ch\/wpcms\/about\/","title":{"rendered":"\u00dcber mich"},"content":{"rendered":"<h1>Nicole David<\/h1>\n<h1><img loading=\"lazy\" class=\"alignleft wp-image-1980 \" src=\"https:\/\/medmassage.ch\/wpcms\/wp-content\/uploads\/2020\/10\/Nicole_David_medmassage-240x300.jpg\" alt=\"Nicole David - medmassage\" width=\"120\" height=\"150\" srcset=\"https:\/\/medmassage.ch\/wpcms\/wp-content\/uploads\/2020\/10\/Nicole_David_medmassage-240x300.jpg 240w, https:\/\/medmassage.ch\/wpcms\/wp-content\/uploads\/2020\/10\/Nicole_David_medmassage.jpg 400w\" sizes=\"(max-width: 120px) 100vw, 120px\" \/><\/h1>\n<p>Dipl. medizinische Masseurin mit eidgen\u00f6ssischem Fachausweis<br \/>\nDipl. Shiatsu- und APM-Therapeutin<\/p>\n<p>A-Mitglied NVS (Natur\u00e4rzte Vereinigung der Schweiz) und VDMS<\/p>\n<p>NVS-registriert<br \/>\nEMR-registriert<\/p>\n<hr \/>\n<h1>Werdegang<\/h1>\n<ul>\n<li>1993 &#8211; 1996 \u00a03-j\u00e4hrige Ausbildung zur med. Masseurin mit eidg. Fachausweis<br \/>\nseit dann laufend Aus- und Weiterbildungen<\/li>\n<li>3-j\u00e4hrige Ausbildung zur dipl. Shiatsu-Therapeutin<\/li>\n<li>mehrj\u00e4hrige Ausbildung in Ohrreflexzonenkontrolle, Akupunkturmassage und energetisch-statischer Behandlung<\/li>\n<li>Ausbildung zum dipl. Power Code Coach<\/li>\n<li>Weiterbildung in ayurvedischer Abhyangamassage, Migr\u00e4netherapie nach Kern, Aromamassage nach Martin Henglein, Professional Stone Massage\u00ae, Schr\u00f6pfen und Guasha, Touch for Health, Wirbels\u00e4ulentherapie nach Dorn und Breussmassage<\/li>\n<li>Aus- und Weiterbildungen in Psychosynthese, astrologischer Psychologie, gewaltfreier Kommunikation nach Rosenberg, Hand- und Fingerkuppenanalyse, Rhetorik, Mentaltraining PowerPlus\u00ae, EFT, MegaMemory\u00ae, autogenem Training und k\u00f6rperzentrierter Herzensarbeit\u00ae<\/li>\n<li>Aus- und Weiterbildungen im Bereich Numerologie, Tarot und Lenormand, u.a. bei Hajo Banzhaf, Brigitte Theler, Christine Bengel, Gerd Ziegler und Lilo Schwarz<\/li>\n<li>mehrj\u00e4hrige T\u00e4tigkeit als Therapeutin in Kurhaus, Gesundheitsorganisationen und Fitnessparks<\/li>\n<li>seit 2002 selbstst\u00e4ndig t\u00e4tig in eigener Praxis<\/li>\n<li>1985 &#8211; 1988\u00a0 kaufm\u00e4nnische Lehre bei der Bank Leu AG, danach mehrj\u00e4hrige T\u00e4tigkeit im Bereich Human Resources mit\u00a0entsprechender Weiterbildung im Personalwesen<\/li>\n<\/ul>\n<hr \/>\n","protected":false},"excerpt":{"rendered":"<p>Nicole David Dipl. medizinische Masseurin mit eidgen\u00f6ssischem Fachausweis Dipl. Shiatsu- und APM-Therapeutin A-Mitglied NVS (Natur\u00e4rzte Vereinigung der Schweiz) und VDMS NVS-registriert EMR-registriert Werdegang 1993 &#8211; 1996 \u00a03-j\u00e4hrige Ausbildung zur med. Masseurin mit eidg. Fachausweis seit dann laufend Aus- und Weiterbildungen 3-j\u00e4hrige Ausbildung zur dipl. Shiatsu-Therapeutin mehrj\u00e4hrige Ausbildung in Ohrreflexzonenkontrolle, Akupunkturmassage und energetisch-statischer Behandlung Ausbildung zum [&hellip;]<\/p>\n","protected":false},"author":1,"featured_media":0,"parent":0,"menu_order":3,"comment_status":"closed","ping_status":"closed","template":"","meta":[],"yoast_head":"<!-- This site is optimized with the Yoast SEO plugin v16.2 - https:\/\/yoast.com\/wordpress\/plugins\/seo\/ -->\n<title>\u00dcber mich - medmassage.ch<\/title>\n<meta name=\"robots\" content=\"index, follow, max-snippet:-1, max-image-preview:large, max-video-preview:-1\" \/>\n<link rel=\"canonical\" href=\"https:\/\/medmassage.ch\/wpcms\/about\/\" \/>\n<meta property=\"og:locale\" content=\"de_DE\" \/>\n<meta property=\"og:type\" content=\"article\" \/>\n<meta property=\"og:title\" content=\"\u00dcber mich - medmassage.ch\" \/>\n<meta property=\"og:description\" content=\"Nicole David Dipl. medizinische Masseurin mit eidgen\u00f6ssischem Fachausweis Dipl. Shiatsu- und APM-Therapeutin A-Mitglied NVS (Natur\u00e4rzte Vereinigung der Schweiz) und VDMS NVS-registriert EMR-registriert Werdegang 1993 &#8211; 1996 \u00a03-j\u00e4hrige Ausbildung zur med. Masseurin mit eidg. Fachausweis seit dann laufend Aus- und Weiterbildungen 3-j\u00e4hrige Ausbildung zur dipl. Shiatsu-Therapeutin mehrj\u00e4hrige Ausbildung in Ohrreflexzonenkontrolle, Akupunkturmassage und energetisch-statischer Behandlung Ausbildung zum [&hellip;]\" \/>\n<meta property=\"og:url\" content=\"https:\/\/medmassage.ch\/wpcms\/about\/\" \/>\n<meta property=\"og:site_name\" content=\"medmassage.ch\" \/>\n<meta property=\"article:modified_time\" content=\"2020-10-20T15:12:04+00:00\" \/>\n<meta property=\"og:image\" content=\"https:\/\/medmassage.ch\/wpcms\/wp-content\/uploads\/2020\/10\/Nicole_David_medmassage-240x300.jpg\" \/>\n<meta name=\"twitter:card\" content=\"summary_large_image\" \/>\n<meta name=\"twitter:label1\" content=\"Gesch\u00e4tzte Lesezeit\">\n\t<meta name=\"twitter:data1\" content=\"1\u00a0Minute\">\n<script type=\"application\/ld+json\" class=\"yoast-schema-graph\">{\"@context\":\"https:\/\/schema.org\",\"@graph\":[{\"@type\":\"WebSite\",\"@id\":\"https:\/\/medmassage.ch\/wpcms\/#website\",\"url\":\"https:\/\/medmassage.ch\/wpcms\/\",\"name\":\"medmassage.ch\",\"description\":\"Gesundheitspraxis Nicole David\",\"potentialAction\":[{\"@type\":\"SearchAction\",\"target\":\"https:\/\/medmassage.ch\/wpcms\/?s={search_term_string}\",\"query-input\":\"required name=search_term_string\"}],\"inLanguage\":\"de\"},{\"@type\":\"ImageObject\",\"@id\":\"https:\/\/medmassage.ch\/wpcms\/about\/#primaryimage\",\"inLanguage\":\"de\",\"url\":\"https:\/\/medmassage.ch\/wpcms\/wp-content\/uploads\/2020\/10\/Nicole_David_medmassage.jpg\",\"contentUrl\":\"https:\/\/medmassage.ch\/wpcms\/wp-content\/uploads\/2020\/10\/Nicole_David_medmassage.jpg\",\"width\":400,\"height\":500,\"caption\":\"Nicole David - medmassage\"},{\"@type\":\"WebPage\",\"@id\":\"https:\/\/medmassage.ch\/wpcms\/about\/#webpage\",\"url\":\"https:\/\/medmassage.ch\/wpcms\/about\/\",\"name\":\"\\u00dcber mich - medmassage.ch\",\"isPartOf\":{\"@id\":\"https:\/\/medmassage.ch\/wpcms\/#website\"},\"primaryImageOfPage\":{\"@id\":\"https:\/\/medmassage.ch\/wpcms\/about\/#primaryimage\"},\"datePublished\":\"2018-01-18T16:02:00+00:00\",\"dateModified\":\"2020-10-20T15:12:04+00:00\",\"breadcrumb\":{\"@id\":\"https:\/\/medmassage.ch\/wpcms\/about\/#breadcrumb\"},\"inLanguage\":\"de\",\"potentialAction\":[{\"@type\":\"ReadAction\",\"target\":[\"https:\/\/medmassage.ch\/wpcms\/about\/\"]}]},{\"@type\":\"BreadcrumbList\",\"@id\":\"https:\/\/medmassage.ch\/wpcms\/about\/#breadcrumb\",\"itemListElement\":[{\"@type\":\"ListItem\",\"position\":1,\"item\":{\"@type\":\"WebPage\",\"@id\":\"https:\/\/medmassage.ch\/wpcms\/\",\"url\":\"https:\/\/medmassage.ch\/wpcms\/\",\"name\":\"Startseite\"}},{\"@type\":\"ListItem\",\"position\":2,\"item\":{\"@id\":\"https:\/\/medmassage.ch\/wpcms\/about\/#webpage\"}}]}]}<\/script>\n<!-- \/ Yoast SEO plugin. -->","_links":{"self":[{"href":"https:\/\/medmassage.ch\/wpcms\/wp-json\/wp\/v2\/pages\/117"}],"collection":[{"href":"https:\/\/medmassage.ch\/wpcms\/wp-json\/wp\/v2\/pages"}],"about":[{"href":"https:\/\/medmassage.ch\/wpcms\/wp-json\/wp\/v2\/types\/page"}],"author":[{"embeddable":true,"href":"https:\/\/medmassage.ch\/wpcms\/wp-json\/wp\/v2\/users\/1"}],"replies":[{"embeddable":true,"href":"https:\/\/medmassage.ch\/wpcms\/wp-json\/wp\/v2\/comments?post=117"}],"version-history":[{"count":25,"href":"https:\/\/medmassage.ch\/wpcms\/wp-json\/wp\/v2\/pages\/117\/revisions"}],"predecessor-version":[{"id":2005,"href":"https:\/\/medmassage.ch\/wpcms\/wp-json\/wp\/v2\/pages\/117\/revisions\/2005"}],"wp:attachment":[{"href":"https:\/\/medmassage.ch\/wpcms\/wp-json\/wp\/v2\/media?parent=117"}],"curies":[{"name":"wp","href":"https:\/\/api.w.org\/{rel}","templated":true}]}}