{"id":39,"date":"2018-01-18T14:04:31","date_gmt":"2018-01-18T14:04:31","guid":{"rendered":"http:\/\/www.praxis-canziani.ch\/?page_id=39"},"modified":"2022-02-25T15:34:37","modified_gmt":"2022-02-25T15:34:37","slug":"agb","status":"publish","type":"page","link":"https:\/\/medmassage.ch\/wpcms\/agb\/","title":{"rendered":"AGB"},"content":{"rendered":"<div id=\"contenttextgrow\">\n<div class=\"item-page\">\n<div id=\"InfoLine\">\n<div id=\"main\">\n<div id=\"mainContent\">\n<div id=\"c290\" class=\"csc-default\">\n<header class=\"csc-header csc-header-n1\">\n<h1 class=\"csc-firstHeader\">Zeiten und AGB<\/h1>\n<\/header>\n<\/div>\n<\/div>\n<\/div>\n<\/div>\n<p>Geschenkgutscheine erh\u00e4ltlich<\/p>\n<p>Gutscheine sind nicht miteinander kumulierbar. Pro Behandlung ist nur ein Gutschein g\u00fcltig.<\/p>\n<p>Bitte sagen Sie Termine, welche Sie nicht einhalten k\u00f6nnen, so fr\u00fch wie m\u00f6glich, mindestens aber 48 Stunden im Voraus, ab. Sie ersparen sich so die Verrechnung des Termins. Besten Dank f\u00fcr Ihr Verst\u00e4ndnis.<\/p>\n<\/div>\n<\/div>\n","protected":false},"excerpt":{"rendered":"<p>Zeiten und AGB Geschenkgutscheine erh\u00e4ltlich Gutscheine sind nicht miteinander kumulierbar. Pro Behandlung ist nur ein Gutschein g\u00fcltig. Bitte sagen Sie Termine, welche Sie nicht einhalten k\u00f6nnen, so fr\u00fch wie m\u00f6glich, mindestens aber 48 Stunden im Voraus, ab. Sie ersparen sich so die Verrechnung des Termins. Besten Dank f\u00fcr Ihr Verst\u00e4ndnis.<\/p>\n","protected":false},"author":1,"featured_media":0,"parent":0,"menu_order":5,"comment_status":"closed","ping_status":"closed","template":"","meta":[],"yoast_head":"<!-- This site is optimized with the Yoast SEO plugin v16.2 - https:\/\/yoast.com\/wordpress\/plugins\/seo\/ -->\n<title>AGB - medmassage.ch<\/title>\n<meta name=\"robots\" content=\"index, follow, max-snippet:-1, max-image-preview:large, max-video-preview:-1\" \/>\n<link rel=\"canonical\" href=\"https:\/\/medmassage.ch\/wpcms\/agb\/\" \/>\n<meta property=\"og:locale\" content=\"de_DE\" \/>\n<meta property=\"og:type\" content=\"article\" \/>\n<meta property=\"og:title\" content=\"AGB - medmassage.ch\" \/>\n<meta property=\"og:description\" content=\"Zeiten und AGB Geschenkgutscheine erh\u00e4ltlich Gutscheine sind nicht miteinander kumulierbar. Pro Behandlung ist nur ein Gutschein g\u00fcltig. Bitte sagen Sie Termine, welche Sie nicht einhalten k\u00f6nnen, so fr\u00fch wie m\u00f6glich, mindestens aber 48 Stunden im Voraus, ab. Sie ersparen sich so die Verrechnung des Termins. Besten Dank f\u00fcr Ihr Verst\u00e4ndnis.\" \/>\n<meta property=\"og:url\" content=\"https:\/\/medmassage.ch\/wpcms\/agb\/\" \/>\n<meta property=\"og:site_name\" content=\"medmassage.ch\" \/>\n<meta property=\"article:modified_time\" content=\"2022-02-25T15:34:37+00:00\" \/>\n<meta name=\"twitter:card\" content=\"summary_large_image\" \/>\n<meta name=\"twitter:label1\" content=\"Gesch\u00e4tzte Lesezeit\">\n\t<meta name=\"twitter:data1\" content=\"1\u00a0Minute\">\n<script type=\"application\/ld+json\" class=\"yoast-schema-graph\">{\"@context\":\"https:\/\/schema.org\",\"@graph\":[{\"@type\":\"WebSite\",\"@id\":\"https:\/\/medmassage.ch\/wpcms\/#website\",\"url\":\"https:\/\/medmassage.ch\/wpcms\/\",\"name\":\"medmassage.ch\",\"description\":\"Gesundheitspraxis Nicole David\",\"potentialAction\":[{\"@type\":\"SearchAction\",\"target\":\"https:\/\/medmassage.ch\/wpcms\/?s={search_term_string}\",\"query-input\":\"required name=search_term_string\"}],\"inLanguage\":\"de\"},{\"@type\":\"WebPage\",\"@id\":\"https:\/\/medmassage.ch\/wpcms\/agb\/#webpage\",\"url\":\"https:\/\/medmassage.ch\/wpcms\/agb\/\",\"name\":\"AGB - medmassage.ch\",\"isPartOf\":{\"@id\":\"https:\/\/medmassage.ch\/wpcms\/#website\"},\"datePublished\":\"2018-01-18T14:04:31+00:00\",\"dateModified\":\"2022-02-25T15:34:37+00:00\",\"breadcrumb\":{\"@id\":\"https:\/\/medmassage.ch\/wpcms\/agb\/#breadcrumb\"},\"inLanguage\":\"de\",\"potentialAction\":[{\"@type\":\"ReadAction\",\"target\":[\"https:\/\/medmassage.ch\/wpcms\/agb\/\"]}]},{\"@type\":\"BreadcrumbList\",\"@id\":\"https:\/\/medmassage.ch\/wpcms\/agb\/#breadcrumb\",\"itemListElement\":[{\"@type\":\"ListItem\",\"position\":1,\"item\":{\"@type\":\"WebPage\",\"@id\":\"https:\/\/medmassage.ch\/wpcms\/\",\"url\":\"https:\/\/medmassage.ch\/wpcms\/\",\"name\":\"Startseite\"}},{\"@type\":\"ListItem\",\"position\":2,\"item\":{\"@id\":\"https:\/\/medmassage.ch\/wpcms\/agb\/#webpage\"}}]}]}<\/script>\n<!-- \/ Yoast SEO plugin. -->","_links":{"self":[{"href":"https:\/\/medmassage.ch\/wpcms\/wp-json\/wp\/v2\/pages\/39"}],"collection":[{"href":"https:\/\/medmassage.ch\/wpcms\/wp-json\/wp\/v2\/pages"}],"about":[{"href":"https:\/\/medmassage.ch\/wpcms\/wp-json\/wp\/v2\/types\/page"}],"author":[{"embeddable":true,"href":"https:\/\/medmassage.ch\/wpcms\/wp-json\/wp\/v2\/users\/1"}],"replies":[{"embeddable":true,"href":"https:\/\/medmassage.ch\/wpcms\/wp-json\/wp\/v2\/comments?post=39"}],"version-history":[{"count":18,"href":"https:\/\/medmassage.ch\/wpcms\/wp-json\/wp\/v2\/pages\/39\/revisions"}],"predecessor-version":[{"id":2103,"href":"https:\/\/medmassage.ch\/wpcms\/wp-json\/wp\/v2\/pages\/39\/revisions\/2103"}],"wp:attachment":[{"href":"https:\/\/medmassage.ch\/wpcms\/wp-json\/wp\/v2\/media?parent=39"}],"curies":[{"name":"wp","href":"https:\/\/api.w.org\/{rel}","templated":true}]}}