{"id":41,"date":"2018-01-18T13:47:27","date_gmt":"2018-01-18T13:47:27","guid":{"rendered":"http:\/\/www.praxis-canziani.ch\/?page_id=41"},"modified":"2021-11-09T14:47:40","modified_gmt":"2021-11-09T14:47:40","slug":"massagen","status":"publish","type":"page","link":"https:\/\/medmassage.ch\/wpcms\/massagen\/","title":{"rendered":"Massagen"},"content":{"rendered":"<div class=\"category-desc\">\n<h1>Massagen Angebot<\/h1>\n<p>Mein Anliegen ist es, Sie mit einem individuellen und ganzheitlichen Behandlungskonzept zu unterst\u00fctzen. Dazu ist es wichtig, dass wir bei der ersten Konsultation Ihre Beschwerden, Symptome und Ihre Anliegen ausf\u00fchrlich besprechen. Nach der Anamnese und dem Befund erstellen wir gemeinsam einen auf Sie abgestimmten Behandlungsplan sowie unser Behandlungsziel. W\u00e4hrend dem Behandlungsverlauf beobachten wir aufmerksam Reaktionen und Ver\u00e4nderungen.<\/p>\n<p>Es freut mich, Ihnen ein grosses Fachwissen und langj\u00e4hrige Berufserfahrung anbieten zu d\u00fcrfen, welche Ihnen und mir zur Verf\u00fcgung stehen. Gemeinsam w\u00e4hlen wir aus den medizinischen Massagen, wozu die Fussreflexzonenmassage, die manuelle Lymphdrainage, die Bindegewebsmassage sowie die klassische Massage z\u00e4hlen, die f\u00fcr Sie am besten geeignete Therapieform aus. Eine weitere interessante M\u00f6glichkeit biete ich Ihnen mit Elementen aus dem Shiatsu sowie der Akupunkturmassage, welche beide auf der alten chinesischen Medizin und deren Meridianmodell basieren.<\/p>\n<\/div>\n<h3 class=\"csc-firstHeader\">Ich biete folgene Behandlungen an<\/h3>\n<ul>\n<li class=\"csc-firstHeader\"><a href=\"https:\/\/medmassage.ch\/wpcms\/massagen\/fussreflexzonenmassage\/\">Fussreflexzonentherapie<\/a><\/li>\n<li><a href=\"https:\/\/medmassage.ch\/wpcms\/massagen\/shiatsu\/\">Shiatsu<\/a><\/li>\n<li class=\"csc-firstHeader\"><a href=\"https:\/\/medmassage.ch\/wpcms\/massagen\/lymphdrainage\/\">Lymphdrainage<\/a><\/li>\n<li class=\"csc-firstHeader\"><a href=\"https:\/\/medmassage.ch\/wpcms\/massagen\/bindegewebsmassage\/\">Bindegewebsmassage<\/a><\/li>\n<li class=\"csc-firstHeader\"><a href=\"https:\/\/medmassage.ch\/wpcms\/massagen\/klassische-massage-2\/\">Klassische Massage<\/a><\/li>\n<li class=\"csc-firstHeader\"><a href=\"https:\/\/medmassage.ch\/wpcms\/massagen\/ruecken-massage\/\">R\u00fccken- \/ Nackenmassage<\/a><\/li>\n<li class=\"csc-firstHeader\"><a href=\"https:\/\/medmassage.ch\/wpcms\/massagen\/akupunkturmassage\/\">Akupunkturmassage<\/a><\/li>\n<\/ul>\n\n\n<p><\/p>\n","protected":false},"excerpt":{"rendered":"<p>Massagen Angebot Mein Anliegen ist es, Sie mit einem individuellen und ganzheitlichen Behandlungskonzept zu unterst\u00fctzen. Dazu ist es wichtig, dass wir bei der ersten Konsultation Ihre Beschwerden, Symptome und Ihre Anliegen ausf\u00fchrlich besprechen. Nach der Anamnese und dem Befund erstellen wir gemeinsam einen auf Sie abgestimmten Behandlungsplan sowie unser Behandlungsziel. W\u00e4hrend dem Behandlungsverlauf beobachten wir [&hellip;]<\/p>\n","protected":false},"author":1,"featured_media":0,"parent":0,"menu_order":2,"comment_status":"closed","ping_status":"closed","template":"","meta":[],"yoast_head":"<!-- This site is optimized with the Yoast SEO plugin v16.2 - https:\/\/yoast.com\/wordpress\/plugins\/seo\/ -->\n<title>Massagen - medmassage.ch<\/title>\n<meta name=\"description\" content=\"medmassage.ch - Praxis f\u00fcr medizinische Massagen in Seon mit grossem Fachwissen und langj\u00e4hrige Berufserfahrung - F\u00fcr Ihre Gesundheit.\" \/>\n<meta name=\"robots\" content=\"index, follow, max-snippet:-1, max-image-preview:large, max-video-preview:-1\" \/>\n<link rel=\"canonical\" href=\"https:\/\/medmassage.ch\/wpcms\/massagen\/\" \/>\n<meta property=\"og:locale\" content=\"de_DE\" \/>\n<meta property=\"og:type\" content=\"article\" \/>\n<meta property=\"og:title\" content=\"Massagen - medmassage.ch\" \/>\n<meta property=\"og:description\" content=\"medmassage.ch - Praxis f\u00fcr medizinische Massagen in Seon mit grossem Fachwissen und langj\u00e4hrige Berufserfahrung - F\u00fcr Ihre Gesundheit.\" \/>\n<meta property=\"og:url\" content=\"https:\/\/medmassage.ch\/wpcms\/massagen\/\" \/>\n<meta property=\"og:site_name\" content=\"medmassage.ch\" \/>\n<meta property=\"article:modified_time\" content=\"2021-11-09T14:47:40+00:00\" \/>\n<meta name=\"twitter:card\" content=\"summary_large_image\" \/>\n<meta name=\"twitter:label1\" content=\"Gesch\u00e4tzte Lesezeit\">\n\t<meta name=\"twitter:data1\" content=\"1\u00a0Minute\">\n<script type=\"application\/ld+json\" class=\"yoast-schema-graph\">{\"@context\":\"https:\/\/schema.org\",\"@graph\":[{\"@type\":\"WebSite\",\"@id\":\"https:\/\/medmassage.ch\/wpcms\/#website\",\"url\":\"https:\/\/medmassage.ch\/wpcms\/\",\"name\":\"medmassage.ch\",\"description\":\"Gesundheitspraxis Nicole David\",\"potentialAction\":[{\"@type\":\"SearchAction\",\"target\":\"https:\/\/medmassage.ch\/wpcms\/?s={search_term_string}\",\"query-input\":\"required name=search_term_string\"}],\"inLanguage\":\"de\"},{\"@type\":\"WebPage\",\"@id\":\"https:\/\/medmassage.ch\/wpcms\/massagen\/#webpage\",\"url\":\"https:\/\/medmassage.ch\/wpcms\/massagen\/\",\"name\":\"Massagen - medmassage.ch\",\"isPartOf\":{\"@id\":\"https:\/\/medmassage.ch\/wpcms\/#website\"},\"datePublished\":\"2018-01-18T13:47:27+00:00\",\"dateModified\":\"2021-11-09T14:47:40+00:00\",\"description\":\"medmassage.ch - Praxis f\\u00fcr medizinische Massagen in Seon mit grossem Fachwissen und langj\\u00e4hrige Berufserfahrung - F\\u00fcr Ihre Gesundheit.\",\"breadcrumb\":{\"@id\":\"https:\/\/medmassage.ch\/wpcms\/massagen\/#breadcrumb\"},\"inLanguage\":\"de\",\"potentialAction\":[{\"@type\":\"ReadAction\",\"target\":[\"https:\/\/medmassage.ch\/wpcms\/massagen\/\"]}]},{\"@type\":\"BreadcrumbList\",\"@id\":\"https:\/\/medmassage.ch\/wpcms\/massagen\/#breadcrumb\",\"itemListElement\":[{\"@type\":\"ListItem\",\"position\":1,\"item\":{\"@type\":\"WebPage\",\"@id\":\"https:\/\/medmassage.ch\/wpcms\/\",\"url\":\"https:\/\/medmassage.ch\/wpcms\/\",\"name\":\"Startseite\"}},{\"@type\":\"ListItem\",\"position\":2,\"item\":{\"@id\":\"https:\/\/medmassage.ch\/wpcms\/massagen\/#webpage\"}}]}]}<\/script>\n<!-- \/ Yoast SEO plugin. -->","_links":{"self":[{"href":"https:\/\/medmassage.ch\/wpcms\/wp-json\/wp\/v2\/pages\/41"}],"collection":[{"href":"https:\/\/medmassage.ch\/wpcms\/wp-json\/wp\/v2\/pages"}],"about":[{"href":"https:\/\/medmassage.ch\/wpcms\/wp-json\/wp\/v2\/types\/page"}],"author":[{"embeddable":true,"href":"https:\/\/medmassage.ch\/wpcms\/wp-json\/wp\/v2\/users\/1"}],"replies":[{"embeddable":true,"href":"https:\/\/medmassage.ch\/wpcms\/wp-json\/wp\/v2\/comments?post=41"}],"version-history":[{"count":18,"href":"https:\/\/medmassage.ch\/wpcms\/wp-json\/wp\/v2\/pages\/41\/revisions"}],"predecessor-version":[{"id":2095,"href":"https:\/\/medmassage.ch\/wpcms\/wp-json\/wp\/v2\/pages\/41\/revisions\/2095"}],"wp:attachment":[{"href":"https:\/\/medmassage.ch\/wpcms\/wp-json\/wp\/v2\/media?parent=41"}],"curies":[{"name":"wp","href":"https:\/\/api.w.org\/{rel}","templated":true}]}}