{"id":74,"date":"2018-01-18T14:35:28","date_gmt":"2018-01-18T14:35:28","guid":{"rendered":"http:\/\/www.praxis-canziani.ch\/?page_id=74"},"modified":"2020-12-03T11:51:26","modified_gmt":"2020-12-03T11:51:26","slug":"klassische-massage-2","status":"publish","type":"page","link":"https:\/\/medmassage.ch\/wpcms\/massagen\/klassische-massage-2\/","title":{"rendered":"Klassische Massage"},"content":{"rendered":"<div id=\"contenttextgrow\">\n<div class=\"item-page\">\n<h1>Klassische Massage<\/h1>\n<p>Entspannung und Wohlgef\u00fchl f\u00fcr den ganzen K\u00f6rper. Vom Haaransatz bis in die Zehenspitzen. Die klassische Ganzk\u00f6rpermassage reguliert den Muskeltonus, l\u00f6st Verspannungen und verleiht neue Lebenskraft und Vitalit\u00e4t.<\/p>\n<\/div>\n<\/div>\n","protected":false},"excerpt":{"rendered":"<p>Klassische Massage Entspannung und Wohlgef\u00fchl f\u00fcr den ganzen K\u00f6rper. Vom Haaransatz bis in die Zehenspitzen. Die klassische Ganzk\u00f6rpermassage reguliert den Muskeltonus, l\u00f6st Verspannungen und verleiht neue Lebenskraft und Vitalit\u00e4t.<\/p>\n","protected":false},"author":1,"featured_media":0,"parent":41,"menu_order":4,"comment_status":"closed","ping_status":"closed","template":"","meta":[],"yoast_head":"<!-- This site is optimized with the Yoast SEO plugin v16.2 - https:\/\/yoast.com\/wordpress\/plugins\/seo\/ -->\n<title>Klassische Massage - medmassage.ch<\/title>\n<meta name=\"robots\" content=\"index, follow, max-snippet:-1, max-image-preview:large, max-video-preview:-1\" \/>\n<link rel=\"canonical\" href=\"https:\/\/medmassage.ch\/wpcms\/massagen\/klassische-massage-2\/\" \/>\n<meta property=\"og:locale\" content=\"de_DE\" \/>\n<meta property=\"og:type\" content=\"article\" \/>\n<meta property=\"og:title\" content=\"Klassische Massage - medmassage.ch\" \/>\n<meta property=\"og:description\" content=\"Klassische Massage Entspannung und Wohlgef\u00fchl f\u00fcr den ganzen K\u00f6rper. Vom Haaransatz bis in die Zehenspitzen. Die klassische Ganzk\u00f6rpermassage reguliert den Muskeltonus, l\u00f6st Verspannungen und verleiht neue Lebenskraft und Vitalit\u00e4t.\" \/>\n<meta property=\"og:url\" content=\"https:\/\/medmassage.ch\/wpcms\/massagen\/klassische-massage-2\/\" \/>\n<meta property=\"og:site_name\" content=\"medmassage.ch\" \/>\n<meta property=\"article:modified_time\" content=\"2020-12-03T11:51:26+00:00\" \/>\n<meta name=\"twitter:card\" content=\"summary_large_image\" \/>\n<script type=\"application\/ld+json\" class=\"yoast-schema-graph\">{\"@context\":\"https:\/\/schema.org\",\"@graph\":[{\"@type\":\"WebSite\",\"@id\":\"https:\/\/medmassage.ch\/wpcms\/#website\",\"url\":\"https:\/\/medmassage.ch\/wpcms\/\",\"name\":\"medmassage.ch\",\"description\":\"Gesundheitspraxis Nicole David\",\"potentialAction\":[{\"@type\":\"SearchAction\",\"target\":\"https:\/\/medmassage.ch\/wpcms\/?s={search_term_string}\",\"query-input\":\"required name=search_term_string\"}],\"inLanguage\":\"de\"},{\"@type\":\"WebPage\",\"@id\":\"https:\/\/medmassage.ch\/wpcms\/massagen\/klassische-massage-2\/#webpage\",\"url\":\"https:\/\/medmassage.ch\/wpcms\/massagen\/klassische-massage-2\/\",\"name\":\"Klassische Massage - medmassage.ch\",\"isPartOf\":{\"@id\":\"https:\/\/medmassage.ch\/wpcms\/#website\"},\"datePublished\":\"2018-01-18T14:35:28+00:00\",\"dateModified\":\"2020-12-03T11:51:26+00:00\",\"breadcrumb\":{\"@id\":\"https:\/\/medmassage.ch\/wpcms\/massagen\/klassische-massage-2\/#breadcrumb\"},\"inLanguage\":\"de\",\"potentialAction\":[{\"@type\":\"ReadAction\",\"target\":[\"https:\/\/medmassage.ch\/wpcms\/massagen\/klassische-massage-2\/\"]}]},{\"@type\":\"BreadcrumbList\",\"@id\":\"https:\/\/medmassage.ch\/wpcms\/massagen\/klassische-massage-2\/#breadcrumb\",\"itemListElement\":[{\"@type\":\"ListItem\",\"position\":1,\"item\":{\"@type\":\"WebPage\",\"@id\":\"https:\/\/medmassage.ch\/wpcms\/\",\"url\":\"https:\/\/medmassage.ch\/wpcms\/\",\"name\":\"Startseite\"}},{\"@type\":\"ListItem\",\"position\":2,\"item\":{\"@type\":\"WebPage\",\"@id\":\"https:\/\/medmassage.ch\/wpcms\/massagen\/\",\"url\":\"https:\/\/medmassage.ch\/wpcms\/massagen\/\",\"name\":\"Massagen\"}},{\"@type\":\"ListItem\",\"position\":3,\"item\":{\"@id\":\"https:\/\/medmassage.ch\/wpcms\/massagen\/klassische-massage-2\/#webpage\"}}]}]}<\/script>\n<!-- \/ Yoast SEO plugin. -->","_links":{"self":[{"href":"https:\/\/medmassage.ch\/wpcms\/wp-json\/wp\/v2\/pages\/74"}],"collection":[{"href":"https:\/\/medmassage.ch\/wpcms\/wp-json\/wp\/v2\/pages"}],"about":[{"href":"https:\/\/medmassage.ch\/wpcms\/wp-json\/wp\/v2\/types\/page"}],"author":[{"embeddable":true,"href":"https:\/\/medmassage.ch\/wpcms\/wp-json\/wp\/v2\/users\/1"}],"replies":[{"embeddable":true,"href":"https:\/\/medmassage.ch\/wpcms\/wp-json\/wp\/v2\/comments?post=74"}],"version-history":[{"count":9,"href":"https:\/\/medmassage.ch\/wpcms\/wp-json\/wp\/v2\/pages\/74\/revisions"}],"predecessor-version":[{"id":2067,"href":"https:\/\/medmassage.ch\/wpcms\/wp-json\/wp\/v2\/pages\/74\/revisions\/2067"}],"up":[{"embeddable":true,"href":"https:\/\/medmassage.ch\/wpcms\/wp-json\/wp\/v2\/pages\/41"}],"wp:attachment":[{"href":"https:\/\/medmassage.ch\/wpcms\/wp-json\/wp\/v2\/media?parent=74"}],"curies":[{"name":"wp","href":"https:\/\/api.w.org\/{rel}","templated":true}]}}